70/(-15))/(k/12) a multiple of 4?
False
Suppose -r - 3*r + 165 = 3*k, -k - 5*r = -44. Is 13 a factor of k?
False
Suppose 20*p = 24*p - 200. Is p a multiple of 10?
True
Suppose -t - 4 = -0*t + 2*l, -2*l = -t + 8. Suppose n - 3*j = 3, -26 = -4*n + 4*j + t. Is 7 a factor of n?
False
Let h(p) = -7*p - 26. Let w(t) = -4*t - 13. Let u(l) = -3*h(l) + 5*w(l). Let v be u(-10). Suppose g = -v*g + 124. Is 14 a factor of g?
False
Suppose -224 = -3*p + 193. Suppose -p - 306 = -5*d. Is 36 a factor of d?
False
Suppose 8*i - 4*i = 772. Does 14 divide i?
False
Does 22 divide (-7)/((-14)/8)*(1 + 19)?
False
Suppose 5*h + 5*o = 3*h + 19, 2*h - 7 = -o. Suppose 4*g - j - 248 = -0*j, 0 = -2*g + h*j + 118. Does 21 divide g?
True
Suppose -2*b = 8, 5*b + 74 = 2*p - 12. Is 11 a factor of p?
True
Let t(y) = -y**2 - 1. Let f be t(-1). Let n be 5/((-50)/(-4))*5. Does 2 divide n/4*f + 4?
False
Is 3*(11 - 1 - 0) a multiple of 5?
True
Let x be (-48)/22 - 6/(-33). Let h be 9*(x - (7 + -3)). Does 25 divide (h/(-63))/((-1)/(-77))?
False
Let q(o) = 6*o**3 - 2*o**2 + 1. Is q(3) a multiple of 14?
False
Let j = 59 - 23. Is -1 + (-1)/((-3)/j) a multiple of 4?
False
Let x(q) be the third derivative of q**5/60 + 5*q**4/24 + q**3 - q**2. Let u be x(-5). Let r(d) = -d**2 + 10*d - 2. Is 7 a factor of r(u)?
False
Suppose 0 = -4*f + 3*l + 351, -534 + 190 = -4*f - 4*l. Is f a multiple of 29?
True
Suppose 0*u = u - 15. Let x = -4 - 9. Let g = u - x. Is g a multiple of 19?
False
Suppose 5*a - 54 = -2*r + 2*a, 56 = 2*r + 4*a. Let j = r - -6. Suppose -4*v + 3*w + 38 = 0, 0 = 2*v - 0*v + 4*w - j. Is v a multiple of 11?
True
Suppose -4*z = 3*v - 27, 4*v = -5*z + 38 - 3. Let o(g) = -g**3 - 4*g**2 + 3*g - 6. Let s be o(-5). Suppose 4*r = -2*l + 12, s*l + z*r - 36 = r. Does 5 divide l?
True
Let k(v) = -v + 6. Let x be k(6). Suppose -52 = -2*r - 5*m, 0*m + 3*m = x. Is 13 a factor of r?
True
Let a = -177 - -213. Is 13 a factor of a?
False
Suppose 4*j + 5*o = 20, j + 2*o = 5 + 3. Suppose 5*n + 15 = j, 5*m = -n + 178 + 179. Does 24 divide m?
True
Suppose -4*p + 6*a + 146 = 8*a, -2*p + 71 = 3*a. Is 12 a factor of p?
False
Let g(a) = 5*a + 4. Let k(x) = -10*x - 8. Let i(p) = -5*g(p) - 3*k(p). Does 15 divide i(5)?
False
Suppose -2*y = 5*j - 41, 4*j - 2*j + 20 = 2*y. Let r = 15 + y. Does 14 divide r?
True
Let n = 12 + -6. Let o = n + 12. Does 17 divide o?
False
Let p(f) = f**3 + 15*f**2 - 5*f - 19. Let o be p(-15). Is 9 a factor of (-252)/49*o/(-6)?
False
Let b(j) = 36*j + 3. Let d = -12 - -14. Is 15 a factor of b(d)?
True
Let k be (-1 - -14)*(0 + 1). Let q(n) = -19*n + 1. Let f(s) = -9*s. Let r(l) = k*f(l) - 6*q(l). Is 9 a factor of r(-5)?
True
Suppose 0 = 3*x - 5*m - 52, -7*m + 2*m + 44 = x. Is 2 a factor of x?
True
Let g(k) = -4*k - 5 - k**3 + 4 + 2*k**3. Let q be g(3). Let l = q - 10. Is l a multiple of 4?
True
Let f be (-16)/(-2) + -1 + 0. Suppose z - f - 2 = 0. Is 9/3 + -1 + z a multiple of 9?
False
Let m(k) = k**3 + 12*k**2 + 10*k - 4. Let j be m(-11). Suppose j = 5*q - 3*c, -3*q - 3*c + 8 = -c. Suppose q*r = 43 - 11. Is 16 a factor of r?
True
Let r(k) = -k**2 + 5*k - 3. Let s be r(3). Let i(j) = -j**2 + 4*j. Let y be i(s). Is 12 a factor of 23 + 0 + -2 + y?
True
Suppose 2*g = v - 11, 2*v + 2*g = -4 + 2. Let p(x) = x - 2 + 5*x**3 - 3*x**2 + 6*x**3 - 4*x**v. Is 15 a factor of p(2)?
False
Let v(h) = -h + 5. Let n be v(-10). Let g(l) = -l**2 + 4*l + 5. Let k be g(5). Suppose d - n = -k*d. Is d a multiple of 6?
False
Let j(g) = -g**2 + 5*g. Let s(z) be the second derivative of z**5/20 + z**4/3 - 5*z**3/6 + 2*z**2 + 4*z. Let m be s(-5). Does 4 divide j(m)?
True
Let o be (-8)/(-3)*(-9)/3. Let c be (-5)/(5/(-2)) + o. Is 25 a factor of (-296)/(-12) + (-2)/c?
True
Let p be (1 + 4/(-2))/1. Let t be (-13 - p)/(-3)*1. Suppose -t*b = -105 - 7. Is b a multiple of 14?
True
Let r(w) be the second derivative of -4*w**3/3 + 2*w**2 - 2*w. Let k be r(3). Does 16 divide 258/8 + 5/k?
True
Let n(q) = 5*q + 2. Let j be n(2). Let z be 54/10 - (65/(-25) + 3). Suppose y + y = -t + j, 24 = y + z*t. Is y a multiple of 4?
True
Let l(g) = -3*g**3 - 3*g**2 - 6*g. Is l(-4) a multiple of 21?
True
Suppose 20*r + 36 = 22*r. Does 9 divide r?
True
Let t(x) = -x**3 - 7*x**2 - 5*x - 1. Is t(-7) a multiple of 6?
False
Suppose 7*u = 2*u + 400. Is 23 a factor of u?
False
Let x = -87 - -121. Does 25 divide x?
False
Let t be 4 + 1 - 8/4. Let y be (t - (0 + 6)) + 6. Suppose -n - y*n + 48 = 0. Does 6 divide n?
True
Suppose 2*z + 4*z - 72 = 0. Is 6 a factor of z?
True
Suppose 5*z + 5*w - 76 = 2*w, -w + 2 = 0. Does 7 divide z?
True
Let w(s) = 3*s**3 - 18*s**2 + 8*s - 3. Let a(x) = 2*x**3 - 12*x**2 + 5*x - 2. Let f(u) = -7*a(u) + 5*w(u). Let c be f(5). Is 3 a factor of 1/(c - 12/(-9))?
True
Let f(j) = -6*j**2 - 3. Let x(c) = 11*c**2 + c + 5. Let l(m) = 5*f(m) + 3*x(m). Does 12 divide l(-5)?
True
Is 7 a factor of (-1)/(-2)*0 - -44?
False
Suppose -7*s + 3*s = -96. Let d = s - 10. Is d a multiple of 7?
True
Suppose -2*n + h = 15, 2*n - 3*h + 6*h + 3 = 0. Let z = 6 + n. Suppose 3*v - 75 = -z*v. Does 20 divide v?
False
Let p(w) = -19*w. Let k be p(5). Let m = k + 136. Is m a multiple of 12?
False
Suppose 0 = 4*b - 764 - 208. Is 21 a factor of b?
False
Let g(s) = -s**2 - 5*s - 1. Let q be g(-3). Let o = -2 + q. Suppose -32 - 28 = -o*p - 5*y, 24 = p + 3*y. Is 5 a factor of p?
True
Suppose 3*u + u = 724. Is 8 a factor of u?
False
Suppose -a + 4*z = -15, 4*z = 4*a - z - 27. Suppose 5*c + r - 43 - 4 = 0, -35 = -a*c - 4*r. Does 5 divide c?
False
Suppose 0 = -16*h + 19*h - 690. Is h a multiple of 46?
True
Let v be 2 - 0/((-6)/(-3)). Suppose -4 = 3*k + 2, -v*o - 2*k = -68. Is o a multiple of 13?
False
Suppose 15 = z + 3*r, 0*r = 5*z - 3*r - 129. Suppose 0 = -2*f + z + 30. Is f a multiple of 16?
False
Suppose -5*l + 4 = -6. Suppose b = l*f - 34, 4*f - b = -35 + 105. Is 5 a factor of ((-6)/(-4))/(f/60)?
True
Let l = 6 + -8. Let g be 1*(-2)/(-4)*0. Is 18 + g - (-2)/l a multiple of 17?
True
Let w(s) = s**3 + 6*s**2 + s + 5. Let k be w(-6). Let i be -1*19/k*-1. Is -2 + (0 - i) + 1 a multiple of 18?
True
Suppose 0 = -5*h + 8 + 7. Suppose -h*i = -0*i - 9. Suppose 65 = -i*v + 8*v. Does 13 divide v?
True
Suppose 147*q - 150*q + 150 = 0. Is q a multiple of 5?
True
Suppose 4*z - 57 = -5*k, 0 = -0*z - 3*z + 2*k + 14. Let i(p) = -8*p + 9*p**3 - 7*p**2 + 0*p**3 - z*p**3 + 4. Is i(8) a multiple of 4?
True
Let w(p) = 4*p - 2. Let o(x) = x + 3. Let y be o(-3). Let f be (-1 - y)/(-1)*5. Does 7 divide w(f)?
False
Let s be (-8)/10*(-1 + -4). Suppose z + s*q = 20, -q = -4*z + 2*q - 15. Suppose z = -5*x + 61 + 29. Does 9 divide x?
True
Let d = 3 + -2. Let r(f) = 2 + 0 - d + f**2. Is 2 a factor of r(-1)?
True
Let p = 56 + -17. Is 4 a factor of p?
False
Let s(y) = 5*y**3 + 13*y**2 + 13*y - 3. Let t(n) = n**3 + n**2 + n + 1. Let z(i) = -s(i) + 4*t(i). Let j be z(-8). Let w = 58 - j. Is 12 a factor of w?
False
Let m be 4*(-2)/(-4) + 18. Suppose -5*d + d + m = 0. Suppose 0 = -n + d. Is n a multiple of 2?
False
Let s(m) = -6 - 3*m**2 + 0*m**2 - 4*m**2 + m**3 - 7*m. Let y be s(8). Does 17 divide 41 - 3 - (-1 - y)?
False
Let n = 8 + -6. Does 2 divide -1*n*4/(-2)?
True
Let i be (-1 + 16)/(1/3). Suppose -5*k + i = 2*o, 18 = 2*o + 3*k - 29. Suppose 38 = f + 2*z, 3*f - 5*z - o - 45 = 0. Is 13 a factor of f?
False
Let g(y) = 2*y**2 - y - 4. Let s be g(-3). Suppose s = -5*u + 47. Does 8 divide u/(-12) + (-54)/(-4)?
False
Let v = -10 - -43. Does 12 divide v?
False
Let g be (-6)/(-4)*(-4)/(-3). Let m be (6 + g)*(3 - 2). Suppose -32 = -o - 4*h, 111 = 3*o + 5*h + m. Is 13 a factor of o?
False
Let z(m) = m**3 + 7*m**2 + 5*m + 5. Suppose 5*s = 5*o + 5, -3*s + 0*o = o + 13. Let h = s + -3. Is 11 a factor of z(h)?
True
Does 18 divide (1164/(-48))/(1/(-4))?
False
Let z = 221 - 92. Does 23 divide z/(-2)*14/(-21)?
False
Let z = 2 - 1. Let j(t) = 50*t**2 + t - 1. Is 25 a factor of j(z)?
True
Let l be 1 - (-15*1 + -3). Let a = l + 16. Does 24 divide a?
False
Let g be (4/(-6))/(5/(-60)). Let c be (g/(-10))/(1/(-5)). Suppose -6*h + h = -c*a - 122, -79 = -4*h - 3*a. Is 13 a factor of h?
False
Let v(j) = j**3 + 5*j**2 - 3*j - 1. Let p be v(-4). Is 8 a factor of -3 - -1*p/1?
True
Suppose 11 = 2*i + 3. Is i a multiple of 3?
False
Suppose -z + r = -179, 4*z + 3*r - 724 = -r. Is z a multiple of 18?
True
Let u(p) =